10) + (-8)/l.
2, 3
Suppose 20 = 16*h - 12. Suppose -4*v = 3*s - 1045, 0 = -2*v + h*s + 230 + 282. List the prime factors of v.
7, 37
Suppose 5*i - 175285 = -2*n, 52106 + 18008 = 2*i - 3*n. What are the prime factors of i?
11, 3187
Let f be (1707 - 0) + 6 + (-17 - -6). Let l = f + -885. What are the prime factors of l?
19, 43
Let z = -272 + 144. Let x = -26 + z. Let p = -89 - x. List the prime factors of p.
5, 13
Let w be ((0 - 5) + -221)*9/6. Let b = -336 - w. What are the prime factors of b?
3
Suppose -24*t + 26*t = 36. Suppose -12*w + 3*w = -t. Suppose 238 - 50 = w*x. List the prime factors of x.
2, 47
Suppose 2*l - 682*q = -684*q + 22, -3*q - 47 = -5*l. What are the prime factors of l?
2, 5
Let r = -91353 - -162409. What are the prime factors of r?
2, 4441
Suppose 0 = -4*v - 4*w - 4 + 12, 0 = 4*w + 4. Suppose -3*m = -v*y - 708, m = 2*y - 116 + 357. What are the prime factors of m?
3, 7, 11
Let k be 1*9/6*6/9. Let l(r) = -r**3 + 9*r**2 + 14*r - 15. Let g(p) = p + 1. Let j(o) = k*l(o) - 5*g(o). What are the prime factors of j(8)?
2, 29
Let f(b) = 4238*b**2 - 31*b + 114. List the prime factors of f(3).
3, 12721
Let h = -598 - -3283. What are the prime factors of h?
3, 5, 179
Let l be (9 + 4)*(-12 - -370). What are the prime factors of (-9)/(-6)*l/13?
3, 179
Let y(w) = -w**3 - 2*w**2 + 5*w + 32. Let d be y(-4). Suppose -3*b + b - 56 = -5*p, -3*b = 3*p - 21. Let s = d - p. List the prime factors of s.
2, 17
What are the prime factors of (8/(-6))/((-5)/(-330))*(-8)/1?
2, 11
Suppose -m + 32 = 4*i - 3*m, 5*m = 2*i. Let q be (388/i)/(4/70). Suppose 2*g - 603 = -3*x, 125 = 4*x + 2*g - q. What are the prime factors of x?
3, 67
Let l = 465 - 453. Suppose -l*f - 308 = -14*f - 5*x, -2*f = -3*x - 276. List the prime factors of f.
2, 3
Let j(s) = -s**3 - 7*s**2 - 3*s + 22. Let t(m) = -3*m + 16. Let q = 76 + -68. Let l be t(q). What are the prime factors of j(l)?
2, 5, 11
Let m = 22831 + -8521. What are the prime factors of m?
2, 3, 5, 53
Let m(b) = 4*b**2 - 5*b + 2. Let s be m(2). Let d(p) = p**2 + 4*p**3 - 4*p**2 - 10 - 5*p**3 - s*p - 7*p**2. What are the prime factors of d(-10)?
2, 5, 7
Let b = -12630 - -25554. What are the prime factors of b?
2, 3, 359
What are the prime factors of (308394/(-90))/(16/(-80))?
3, 5711
Let f be 8/(-5) + (-18)/(-30) - 0. List the prime factors of (f + 32 - 2) + (7 - 6).
2, 3, 5
Let a(n) = n**3 + 8*n**2 - 11*n - 13. Let k be a(-9). Suppose -3*j = k*i, -3*i + 2*j + 13 = -2*i. Suppose -i*y + 0*y + 489 = 0. What are the prime factors of y?
163
Suppose 173645 = 2380*p - 2376*p + j, -p + 2*j = -43409. List the prime factors of p.
43411
Suppose 107 = -9*h + 152. What are the prime factors of -7 + 2 + h + 456?
2, 3, 19
Suppose -10 = -11*w + 13*w. List the prime factors of 5/((-50)/(-588)) + 4/w.
2, 29
Let j(l) be the second derivative of 11*l**4/6 + 7*l**3/6 - 7*l**2/2 - 40*l. What are the prime factors of j(-4)?
317
Let a = 18134 - 6552. What are the prime factors of a?
2, 5791
Suppose 0*b + 6*b - 3108 = 0. Suppose 51*h + b = 53*h. List the prime factors of h.
7, 37
Let a(p) = 20 - p + 6 - 3. Let h be a(21). Suppose -5*i + 303 = -4*o, -3*o + 261 = 2*i + h*i. What are the prime factors of i?
3, 7
Suppose -5*l = p + 137, -117 = -2*p + 3*p - 5*l. Let q = -122 - p. Suppose -q*g + 834 = -4*d, -4*g + 0*d + 660 = 4*d. List the prime factors of g.
2, 83
Suppose 46 = 2*j + 50. Let r(n) = -455*n - 54. List the prime factors of r(j).
2, 107
Suppose -4*b = 379 - 20291. What are the prime factors of b?
2, 19, 131
Suppose -2*h = -11*h + 2*h + 128968. List the prime factors of h.
2, 7, 47
Let w be (-61 + 69)/((-1)/148). Let c = w + 1989. What are the prime factors of c?
5, 7, 23
Suppose d = 8 - 10, 0 = -5*q + 2*d + 81634. What are the prime factors of q?
2, 3, 907
Suppose 46*k - 48*k = -4*n + 11262, -n + k = -2816. List the prime factors of n.
5, 563
Let x(d) be the first derivative of 61*d**3/3 - 5*d**2/2 + 7*d - 131. List the prime factors of x(2).
241
Suppose 294*k - 17717220 = 3894132. What are the prime factors of k?
2, 17, 23, 47
Suppose 142 + 116 = 3*b. Let w = -78 + b. Suppose -k - 4*a + 210 = -8*a, 2*a - w = 0. List the prime factors of k.
2, 113
Let v = 8100 + -2267. List the prime factors of v.
19, 307
Let f be 10 - ((-2)/5 + (-2)/(-5)). Suppose f*t - 9*t = -4. List the prime factors of (-14)/t*(-300)/(-21).
2, 5
Let q(b) = 4*b**3 - 2*b**3 - b**3 - 11 - 29 - 17*b + 36*b**2. List the prime factors of q(-36).
2, 11, 13
Let n(c) be the second derivative of 3*c**4/4 + c**3 + 99*c. What are the prime factors of n(11)?
3, 5, 7, 11
Suppose -2*b + 3*r + 18 = -12, -3*r = -3*b + 39. Suppose -5*y + 21 = 3*d - b, 3*y = 2*d + 37. List the prime factors of (y/(-2))/((-12)/24).
3
Let i be 2/7 + (-650)/70. Let u be 478*3/i - 8/12. Let d = -28 - u. What are the prime factors of d?
2, 3, 11
Let o be (1 - 1) + (5 - 0). Suppose -3*c - t = -1 + 5, o*t = 3*c + 16. List the prime factors of 86 - (c - 0 - -4).
2, 3, 7
Suppose 0 = -3*s + 15, -5*x + 0*s = -s - 16265. Suppose -m + 3*p = 5*p - 653, 5*m - x = p. Suppose 11*n = 4*n + m. List the prime factors of n.
3, 31
Suppose a - 67904 = -3*a. Suppose v = -15*v + a. What are the prime factors of v?
1061
Let o(v) = -v**3 - 5*v**2 + 2*v + 1. Let a be o(-5). Let k = 14 + a. What are the prime factors of k*(-4)/(-30)*111?
2, 37
Suppose 0*o + 312 = -4*o + 4*i, 0 = o - 5*i + 70. Let y = o + 453. List the prime factors of y.
373
Suppose 0 = 20*v - 55*v + 93100. Suppose -3*b + 2*c = -c - 2646, 4*c = -3*b + v. What are the prime factors of b?
2, 13, 17
Let z(v) = 2*v**2 + 77*v + 37. Let q be z(-38). List the prime factors of 4/(4/1085) + 4*q.
23, 47
Let r = 8809 - -50170. List the prime factors of r.
58979
Suppose 214*z + 245*z - 496*z = -1297405. What are the prime factors of z?
5, 7013
Suppose 3*q - 5*z - 11 = -3*z, -4*z = -2*q + 10. List the prime factors of (q + (-35)/15)/(6/171).
19
Let f be (-10)/35 - (-3)/(-21)*7453. Let n = -640 - f. List the prime factors of n.
5, 17
Let s(b) = -19*b**3 - 12*b**2 + 135*b - 79. Let r(i) = 7*i**3 + 4*i**2 - 45*i + 26. Let u(h) = -8*r(h) - 3*s(h). What are the prime factors of u(10)?
11, 89
Suppose -2*b = -2*u - 4*b + 10, 4*u - 16 = -5*b. Suppose -u*c + 12743 = -2926. List the prime factors of c.
1741
Suppose -3800 = -0*b - 20*b. Suppose 0 = d - f - b, d = -4*f + 41 + 129. List the prime factors of d.
2, 3, 31
Let i = 172 + -88. Suppose -i = -4*p - 0*p. List the prime factors of p*-15*(-3)/27.
5, 7
Let d(y) = -96*y**2 + 0*y**3 + 5*y - 28 - 82*y**2 + 199*y**2 - y**3 + 1. List the prime factors of d(19).
2, 5, 79
Let f be (2 + -3)/((-2)/(-4)). Let x(u) = u**3 + 2*u**2 + 20*u + 7. Let k be x(-4). List the prime factors of (f + 12/9)*(k + 3).
2, 17
Let v be (-2904)/54 + (-4)/18. Let r = 81 - v. Suppose -3*m + 165 = -r. List the prime factors of m.
2, 5
Let f(d) = 23*d**2 + d - 35. Let o be 6/4*304/114. List the prime factors of f(o).
337
Suppose -2*o + l + 5200 + 36380 = 0, -4*l - 83156 = -4*o. What are the prime factors of o?
17, 1223
Let n = 85 + -85. Suppose -27*z + 25*z + 5*x + 369 = n, 5*z = -4*x + 906. What are the prime factors of z?
2, 7, 13
List the prime factors of 18/12 + (1214/(-5))/((-28)/875).
7589
Let i = -3770 + 12860. What are the prime factors of i?
2, 3, 5, 101
Let j be 106 + 1 - (-25 + 21). Suppose 3*o + 3*k - 168 = -2*k, 0 = 2*o + 3*k - j. List the prime factors of o.
3, 17
Let g = -22 + 26. Suppose 2*a + 12 = -g*a. What are the prime factors of (3 + (-13)/a)*10?
5, 19
Suppose 0 = 9*l - 162 - 18. Suppose -l*v = -13*v - 1869. List the prime factors of v.
3, 89
Suppose 5*o - 23476 = -4*i + 2953, -i - 7*o = -6613. What are the prime factors of i?
2, 3, 367
Let q = -178 - -182. Suppose -q = -2*t, 4*p - 5*t - 2834 = -520. What are the prime factors of p?
7, 83
Let k(p) = 70*p + 8285. What are the prime factors of k(112)?
3, 5, 43
Suppose 221956 = 5*k - 4*s, 5*s + 88796 = 2*k - 0*s. Suppose k - 14908 = 44*u. What are the prime factors of u?
2, 5, 67
Let w(c) = 30*c. Suppose 0 = -3*r + 4*r - 12. Let a be w(r). Let n = -250 + a. What are the prime factors of n?
2, 5, 11
Suppose 17 = c - 4*s, -5*s + 3*s + 19 = 5*c. Suppose -527 + 90 = -3*v + k, 2*v = -c*k + 280. List the prime factors of v.
5, 29
Let k(l) = 155*l - 300. Let t be -1*1 - (-14 - -6). List the prime facto